ions digit of 1827239244?
2
What is the thousands digit of 888131308?
1
What is the thousands digit of 1354894100?
4
What is the thousands digit of 65867456?
7
What is the tens digit of 7721369?
6
What is the ten thousands digit of 2590156208?
5
What is the tens digit of 257082763?
6
What is the hundred thousands digit of 2967607840?
6
What is the hundred thousands digit of 374171130?
1
What is the tens digit of 561893774?
7
What is the hundred thousands digit of 1794064520?
0
What is the tens digit of 216768719?
1
What is the thousands digit of 159537606?
7
What is the thousands digit of 68150702?
0
What is the tens digit of 45695921?
2
What is the billions digit of 1498893371?
1
What is the thousands digit of 181138341?
8
What is the millions digit of 616670233?
6
What is the millions digit of 508193259?
8
What is the hundred millions digit of 1860432414?
8
What is the thousands digit of 37639257?
9
What is the ten millions digit of 40381247?
4
What is the hundred millions digit of 1103069593?
1
What is the ten thousands digit of 51017945?
1
What is the units digit of 2626285013?
3
What is the billions digit of 6067112426?
6
What is the units digit of 134948883?
3
What is the units digit of 2236026778?
8
What is the hundreds digit of 1707304615?
6
What is the ten millions digit of 101563091?
0
What is the ten thousands digit of 211018874?
1
What is the hundreds digit of 129988147?
1
What is the millions digit of 72268512?
2
What is the millions digit of 2263399049?
3
What is the ten thousands digit of 4455707624?
0
What is the hundreds digit of 71149755?
7
What is the tens digit of 20981477?
7
What is the ten thousands digit of 20486064?
8
What is the ten thousands digit of 145112257?
1
What is the ten thousands digit of 4681494042?
9
What is the hundred millions digit of 717681590?
7
What is the ten millions digit of 52268703?
5
What is the thousands digit of 3024660157?
0
What is the hundred thousands digit of 321350172?
3
What is the ten thousands digit of 149152589?
5
What is the units digit of 158725040?
0
What is the units digit of 163790262?
2
What is the thousands digit of 252581561?
1
What is the ten millions digit of 121509939?
2
What is the ten millions digit of 1057375180?
5
What is the ten thousands digit of 31214016?
1
What is the hundred thousands digit of 111415434?
4
What is the hundred thousands digit of 47958588?
9
What is the thousands digit of 3111186?
1
What is the ten millions digit of 1818548626?
1
What is the ten thousands digit of 1285289109?
8
What is the hundred millions digit of 365635721?
3
What is the hundred thousands digit of 1070072405?
0
What is the thousands digit of 596837357?
7
What is the hundred millions digit of 108340900?
1
What is the hundreds digit of 117270341?
3
What is the tens digit of 13497993?
9
What is the units digit of 785537394?
4
What is the hundreds digit of 9285980?
9
What is the millions digit of 702783236?
2
What is the hundred thousands digit of 1192127434?
1
What is the millions digit of 1217541931?
7
What is the hundred thousands digit of 142995512?
9
What is the ten thousands digit of 1416190722?
9
What is the tens digit of 3334402201?
0
What is the ten thousands digit of 364053867?
5
What is the hundred thousands digit of 22620165?
6
What is the hundreds digit of 178549711?
7
What is the ten millions digit of 1671251299?
7
What is the hundred millions digit of 2118964371?
1
What is the hundred millions digit of 1756684024?
7
What is the units digit of 3145372664?
4
What is the tens digit of 38977001?
0
What is the units digit of 416313374?
4
What is the tens digit of 2190296358?
5
What is the hundreds digit of 177569661?
6
What is the hundred millions digit of 334869815?
3
What is the tens digit of 135272538?
3
What is the millions digit of 4158721707?
8
What is the thousands digit of 34236193?
6
What is the millions digit of 32982754?
2
What is the millions digit of 336758585?
6
What is the ten millions digit of 935396238?
3
What is the ten millions digit of 142949143?
4
What is the tens digit of 1664507193?
9
What is the tens digit of 14508114?
1
What is the ten thousands digit of 194722266?
2
What is the units digit of 825301406?
6
What is the hundred millions digit of 6218467580?
2
What is the billions digit of 1397396310?
1
What is the billions digit of 2966449233?
2
What is the ten millions digit of 512968164?
1
What is the ten thousands digit of 15640364?
4
What is the ten millions digit of 391449533?
9
What is the ten thousands digit of 115272802?
7
What is the hundred millions digit of 164337042?
1
What is the hundreds digit of 2429434990?
9
What is the ten millions digit of 302995651?
0
What is the hundreds digit of 314503138?
1
What is the thousands digit of 144758252?
8
What is the thousands digit of 254603912?
3
What is the ten millions digit of 1316571476?
1
What is the ten thousands digit of 380346025?
4
What is the tens digit of 191945495?
9
What is the millions digit of 1031487515?
1
What is the millions digit of 3686352437?
6
What is the millions digit of 41981372?
1
What is the ten millions digit of 76638710?
7
What is the hundreds digit of 60997085?
0
What is the hundred millions digit of 164162878?
1
What is the ten millions digit of 10507777?
1
What is the tens digit of 23278190?
9
What is the ten millions digit of 874743696?
7
What is the hundred thousands digit of 4394342588?
3
What is the thousands digit of 3554435058?
5
What is the tens digit of 2035594012?
1
What is the hundreds digit of 3346544883?
8
What is the thousands digit of 249145175?
5
What is the ten millions digit of 2809085774?
0
What is the billions digit of 1324953527?
1
What is the tens digit of 200125073?
7
What is the thousands digit of 463619845?
9
What is the millions digit of 1496719879?
6
What is the thousands digit of 240776074?
6
What is the units digit of 103603538?
8
What is the hundreds digit of 75340672?
6
What is the hundred thousands digit of 76968596?
9
What is the hundred millions digit of 2894447971?
8
What is the billions digit of 5017329599?
5
What is the ten millions digit of 44087577?
4
What is the thousands digit of 3985982872?
2
What is the thousands digit of 40091268?
1
What is the ten millions digit of 404512191?
0
What is the ten thousands digit of 505945876?
4
What is the ten thousands digit of 806316427?
1
What is the millions digit of 112979831?
2
What is the units digit of 263339031?
1
What is the hundreds digit of 1131254975?
9
What is the billions digit of 1507210631?
1
What is the hundred thousands digit of 32718957?
7
What is the hundred thousands digit of 23604421?
6
What is the hundreds digit of 76158307?
3
What is the tens digit of 78761144?
4
What is the thousands digit of 221444025?
4
What is the units digit of 487973580?
0
What is the millions digit of 991965170?
1
What is the hundred millions digit of 695742344?
6
What is the ten thousands digit of 24494534?
9
What is the tens digit of 2893700875?
7
What is the hundreds digit of 75464095?
0
What is the thousands digit of 1463823551?
3
What is the millions digit of 874451423?
4
What is the ten millions digit of 203879834?
0
What is the hundred thousands digit of 45103023?
1
What is the ten thousands digit of 1645838?
4
What is the hundred thousands digit of 230471122?
4
What is the ten thousands digit of 98168423?
6
What is the units digit of 214067361?
1
What is the hundreds digit of 112945428?
4
What is the thousands digit of 2983239569?
9
What is the hundred thousands digit of 55216045?
2
What is the tens digit of 320563931?
3
What is the millions digit of 193774666?
3
What is the tens digit of 8768499297?
9
What is the hundreds digit of 1199810611?
6
What is the millions digit of 40407475?
0
What is the ten thousands digit of 104897148?
9
What is the ten millions digit of 4073521367?
7
What is the thousands digit of 1215095545?
5
What is the thousands digit of 643173825?
3
What is the ten thousands digit of 6211294012?
9
What is the hundred millions digit of 465676364?
4
What is the ten thousands digit of 2527253848?
5
What is the thousands digit of 533044488?
4
What is the thousands digit of 12726185?
6
What is the thousands digit of 90174066?
4
What is the millions digit of 7596427927?
6